{"id":2,"date":"2016-12-15T12:43:27","date_gmt":"2016-12-15T12:43:27","guid":{"rendered":"http:\/\/creativebox.pt\/storytelling\/?page_id=2"},"modified":"2016-12-15T12:43:27","modified_gmt":"2016-12-15T12:43:27","slug":"pagina-exemplo","status":"publish","type":"page","link":"https:\/\/creativebox.pt\/storytelling\/pagina-exemplo\/","title":{"rendered":"Exemplo de p\u00e1gina"},"content":{"rendered":"<p>Isto \u00e9 um exemplo de p\u00e1gina. \u00c9 diferente de um artigo porque fica no mesmo s\u00edtio e aparece na navega\u00e7\u00e3o do seu site (na maior parte dos temas). O normal \u00e9 come\u00e7ar com uma p\u00e1gina &#8220;Sobre mim&#8221;\/&#8221;Sobre n\u00f3s&#8221;, que apresenta o site aos visitantes. Pode ser qualquer coisa deste tipo:<\/p>\n<blockquote><p>Ol\u00e1! Fa\u00e7o entregas durante o dia, mas estudo para ser actor \u00e0 noite. Este \u00e9 o meu site. Vivo em Lisboa, tenho um c\u00e3o chamado Belarmino e gosto de caipirinhas (e de ver a relva a crescer).<\/p><\/blockquote>\n<p>&#8230;ou deste:<\/p>\n<blockquote><p>A Gambozinos XPTO foi fundada em 1971 e tem, desde ent\u00e3o, fornecido gambuzinos da mais alta qualidade aos seus clientes. Localizada em Gotham, a Gambozinos XPTO emprega mais de 2,000 colaboradores e \u00e9 um dos pilares da comunidade de Gotham.<\/p><\/blockquote>\n<p>Visite <a href=\"http:\/\/creativebox.pt\/storytelling\/wp-admin\/\">o seu painel<\/a> para apagar esta p\u00e1gina ou para criar mais p\u00e1ginas para o seu conte\u00fado. Divirta-se!<\/p>\n\n<!-- Facebook Like Button Vivacity Infotech BEGIN -->\n<div class=\"fb-like\" data-href=\"https:\/\/creativebox.pt\/storytelling\/pagina-exemplo\/\" data-layout=\"button\" data-action=\"like\" data-show-faces=\"false\" data-size=\"small\" data-width=\"450\" data-share=\"1\" ><\/div>\n<!-- Facebook Like Button Vivacity Infotech END -->\n<div id=\"themify_builder_content-2\" data-postid=\"2\" class=\"themify_builder_content themify_builder_content-2 themify_builder\">\n    <\/div>\n<!-- \/themify_builder_content -->\n","protected":false},"excerpt":{"rendered":"<p>Isto \u00e9 um exemplo de p\u00e1gina. \u00c9 diferente de um artigo porque fica no mesmo s\u00edtio e aparece na navega\u00e7\u00e3o do seu site (na maior parte dos temas). O normal \u00e9 come\u00e7ar com uma p\u00e1gina &#8220;Sobre mim&#8221;\/&#8221;Sobre n\u00f3s&#8221;, que apresenta o site aos visitantes. Pode ser qualquer coisa deste tipo: Ol\u00e1! Fa\u00e7o entregas durante o [&hellip;]<\/p>\n","protected":false},"author":3,"featured_media":0,"parent":0,"menu_order":0,"comment_status":"closed","ping_status":"open","template":"","meta":{"footnotes":""},"class_list":["post-2","page","type-page","status-publish","hentry","has-post-title","has-post-date","has-post-category","has-post-tag","has-post-comment","has-post-author",""],"yoast_head":"<!-- This site is optimized with the Yoast SEO plugin v24.0 - https:\/\/yoast.com\/wordpress\/plugins\/seo\/ -->\n<title>Exemplo de p\u00e1gina - Storytelling Films<\/title>\n<meta name=\"robots\" content=\"index, follow, max-snippet:-1, max-image-preview:large, max-video-preview:-1\" \/>\n<link rel=\"canonical\" href=\"https:\/\/creativebox.pt\/storytelling\/pagina-exemplo\/\" \/>\n<meta property=\"og:locale\" content=\"pt_PT\" \/>\n<meta property=\"og:type\" content=\"article\" \/>\n<meta property=\"og:title\" content=\"Exemplo de p\u00e1gina - Storytelling Films\" \/>\n<meta property=\"og:description\" content=\"Isto \u00e9 um exemplo de p\u00e1gina. \u00c9 diferente de um artigo porque fica no mesmo s\u00edtio e aparece na navega\u00e7\u00e3o do seu site (na maior parte dos temas). O normal \u00e9 come\u00e7ar com uma p\u00e1gina &#8220;Sobre mim&#8221;\/&#8221;Sobre n\u00f3s&#8221;, que apresenta o site aos visitantes. Pode ser qualquer coisa deste tipo: Ol\u00e1! Fa\u00e7o entregas durante o [&hellip;]\" \/>\n<meta property=\"og:url\" content=\"https:\/\/creativebox.pt\/storytelling\/pagina-exemplo\/\" \/>\n<meta property=\"og:site_name\" content=\"Storytelling Films\" \/>\n<meta property=\"article:publisher\" content=\"https:\/\/www.facebook.com\/creativeboxstorytelling\" \/>\n<meta name=\"twitter:card\" content=\"summary_large_image\" \/>\n<meta name=\"twitter:label1\" content=\"Tempo estimado de leitura\" \/>\n\t<meta name=\"twitter:data1\" content=\"1 minuto\" \/>\n<script type=\"application\/ld+json\" class=\"yoast-schema-graph\">{\"@context\":\"https:\/\/schema.org\",\"@graph\":[{\"@type\":\"WebPage\",\"@id\":\"https:\/\/creativebox.pt\/storytelling\/pagina-exemplo\/\",\"url\":\"https:\/\/creativebox.pt\/storytelling\/pagina-exemplo\/\",\"name\":\"Exemplo de p\u00e1gina - Storytelling Films\",\"isPartOf\":{\"@id\":\"https:\/\/creativebox.pt\/storytelling\/#website\"},\"datePublished\":\"2016-12-15T12:43:27+00:00\",\"dateModified\":\"2016-12-15T12:43:27+00:00\",\"breadcrumb\":{\"@id\":\"https:\/\/creativebox.pt\/storytelling\/pagina-exemplo\/#breadcrumb\"},\"inLanguage\":\"pt-PT\",\"potentialAction\":[{\"@type\":\"ReadAction\",\"target\":[\"https:\/\/creativebox.pt\/storytelling\/pagina-exemplo\/\"]}]},{\"@type\":\"BreadcrumbList\",\"@id\":\"https:\/\/creativebox.pt\/storytelling\/pagina-exemplo\/#breadcrumb\",\"itemListElement\":[{\"@type\":\"ListItem\",\"position\":1,\"name\":\"In\u00edcio\",\"item\":\"https:\/\/creativebox.pt\/storytelling\/\"},{\"@type\":\"ListItem\",\"position\":2,\"name\":\"Exemplo de p\u00e1gina\"}]},{\"@type\":\"WebSite\",\"@id\":\"https:\/\/creativebox.pt\/storytelling\/#website\",\"url\":\"https:\/\/creativebox.pt\/storytelling\/\",\"name\":\"Storytelling Films\",\"description\":\"Wedding Filmmakers\",\"publisher\":{\"@id\":\"https:\/\/creativebox.pt\/storytelling\/#organization\"},\"potentialAction\":[{\"@type\":\"SearchAction\",\"target\":{\"@type\":\"EntryPoint\",\"urlTemplate\":\"https:\/\/creativebox.pt\/storytelling\/?s={search_term_string}\"},\"query-input\":{\"@type\":\"PropertyValueSpecification\",\"valueRequired\":true,\"valueName\":\"search_term_string\"}}],\"inLanguage\":\"pt-PT\"},{\"@type\":\"Organization\",\"@id\":\"https:\/\/creativebox.pt\/storytelling\/#organization\",\"name\":\"Storytelling - Wedding Video\",\"url\":\"https:\/\/creativebox.pt\/storytelling\/\",\"logo\":{\"@type\":\"ImageObject\",\"inLanguage\":\"pt-PT\",\"@id\":\"https:\/\/creativebox.pt\/storytelling\/#\/schema\/logo\/image\/\",\"url\":\"https:\/\/creativebox.pt\/storytelling\/wp-content\/uploads\/sites\/4\/2018\/04\/novo_logo_cinza-05.png\",\"contentUrl\":\"https:\/\/creativebox.pt\/storytelling\/wp-content\/uploads\/sites\/4\/2018\/04\/novo_logo_cinza-05.png\",\"width\":1889,\"height\":869,\"caption\":\"Storytelling - Wedding Video\"},\"image\":{\"@id\":\"https:\/\/creativebox.pt\/storytelling\/#\/schema\/logo\/image\/\"},\"sameAs\":[\"https:\/\/www.facebook.com\/creativeboxstorytelling\",\"https:\/\/www.instagram.com\/storytelling_weddingfilms\",\"https:\/\/www.youtube.com\/channel\/UC3EtYZ_a0X-f5G-k80v37Cw\"]}]}<\/script>\n<!-- \/ Yoast SEO plugin. -->","yoast_head_json":{"title":"Exemplo de p\u00e1gina - Storytelling Films","robots":{"index":"index","follow":"follow","max-snippet":"max-snippet:-1","max-image-preview":"max-image-preview:large","max-video-preview":"max-video-preview:-1"},"canonical":"https:\/\/creativebox.pt\/storytelling\/pagina-exemplo\/","og_locale":"pt_PT","og_type":"article","og_title":"Exemplo de p\u00e1gina - Storytelling Films","og_description":"Isto \u00e9 um exemplo de p\u00e1gina. \u00c9 diferente de um artigo porque fica no mesmo s\u00edtio e aparece na navega\u00e7\u00e3o do seu site (na maior parte dos temas). O normal \u00e9 come\u00e7ar com uma p\u00e1gina &#8220;Sobre mim&#8221;\/&#8221;Sobre n\u00f3s&#8221;, que apresenta o site aos visitantes. Pode ser qualquer coisa deste tipo: Ol\u00e1! Fa\u00e7o entregas durante o [&hellip;]","og_url":"https:\/\/creativebox.pt\/storytelling\/pagina-exemplo\/","og_site_name":"Storytelling Films","article_publisher":"https:\/\/www.facebook.com\/creativeboxstorytelling","twitter_card":"summary_large_image","twitter_misc":{"Tempo estimado de leitura":"1 minuto"},"schema":{"@context":"https:\/\/schema.org","@graph":[{"@type":"WebPage","@id":"https:\/\/creativebox.pt\/storytelling\/pagina-exemplo\/","url":"https:\/\/creativebox.pt\/storytelling\/pagina-exemplo\/","name":"Exemplo de p\u00e1gina - Storytelling Films","isPartOf":{"@id":"https:\/\/creativebox.pt\/storytelling\/#website"},"datePublished":"2016-12-15T12:43:27+00:00","dateModified":"2016-12-15T12:43:27+00:00","breadcrumb":{"@id":"https:\/\/creativebox.pt\/storytelling\/pagina-exemplo\/#breadcrumb"},"inLanguage":"pt-PT","potentialAction":[{"@type":"ReadAction","target":["https:\/\/creativebox.pt\/storytelling\/pagina-exemplo\/"]}]},{"@type":"BreadcrumbList","@id":"https:\/\/creativebox.pt\/storytelling\/pagina-exemplo\/#breadcrumb","itemListElement":[{"@type":"ListItem","position":1,"name":"In\u00edcio","item":"https:\/\/creativebox.pt\/storytelling\/"},{"@type":"ListItem","position":2,"name":"Exemplo de p\u00e1gina"}]},{"@type":"WebSite","@id":"https:\/\/creativebox.pt\/storytelling\/#website","url":"https:\/\/creativebox.pt\/storytelling\/","name":"Storytelling Films","description":"Wedding Filmmakers","publisher":{"@id":"https:\/\/creativebox.pt\/storytelling\/#organization"},"potentialAction":[{"@type":"SearchAction","target":{"@type":"EntryPoint","urlTemplate":"https:\/\/creativebox.pt\/storytelling\/?s={search_term_string}"},"query-input":{"@type":"PropertyValueSpecification","valueRequired":true,"valueName":"search_term_string"}}],"inLanguage":"pt-PT"},{"@type":"Organization","@id":"https:\/\/creativebox.pt\/storytelling\/#organization","name":"Storytelling - Wedding Video","url":"https:\/\/creativebox.pt\/storytelling\/","logo":{"@type":"ImageObject","inLanguage":"pt-PT","@id":"https:\/\/creativebox.pt\/storytelling\/#\/schema\/logo\/image\/","url":"https:\/\/creativebox.pt\/storytelling\/wp-content\/uploads\/sites\/4\/2018\/04\/novo_logo_cinza-05.png","contentUrl":"https:\/\/creativebox.pt\/storytelling\/wp-content\/uploads\/sites\/4\/2018\/04\/novo_logo_cinza-05.png","width":1889,"height":869,"caption":"Storytelling - Wedding Video"},"image":{"@id":"https:\/\/creativebox.pt\/storytelling\/#\/schema\/logo\/image\/"},"sameAs":["https:\/\/www.facebook.com\/creativeboxstorytelling","https:\/\/www.instagram.com\/storytelling_weddingfilms","https:\/\/www.youtube.com\/channel\/UC3EtYZ_a0X-f5G-k80v37Cw"]}]}},"builder_content":"","_links":{"self":[{"href":"https:\/\/creativebox.pt\/storytelling\/wp-json\/wp\/v2\/pages\/2","targetHints":{"allow":["GET"]}}],"collection":[{"href":"https:\/\/creativebox.pt\/storytelling\/wp-json\/wp\/v2\/pages"}],"about":[{"href":"https:\/\/creativebox.pt\/storytelling\/wp-json\/wp\/v2\/types\/page"}],"author":[{"embeddable":true,"href":"https:\/\/creativebox.pt\/storytelling\/wp-json\/wp\/v2\/users\/3"}],"replies":[{"embeddable":true,"href":"https:\/\/creativebox.pt\/storytelling\/wp-json\/wp\/v2\/comments?post=2"}],"version-history":[{"count":0,"href":"https:\/\/creativebox.pt\/storytelling\/wp-json\/wp\/v2\/pages\/2\/revisions"}],"wp:attachment":[{"href":"https:\/\/creativebox.pt\/storytelling\/wp-json\/wp\/v2\/media?parent=2"}],"curies":[{"name":"wp","href":"https:\/\/api.w.org\/{rel}","templated":true}]}}